23*m + 61. Let y be t(26). Let q(f) = f**3 + 18*f**2 - 4*f - 6. What are the prime factors of q(y)?
3, 13
Let c be (-91)/(-26)*1/(7/6). Suppose -1477 = -c*o - 0*o + 5*v, 3*v = 4*o - 1951. List the prime factors of o.
2, 11
Suppose 4*w - 42176 = -104*j + 100*j, -5*j = w - 10556. What are the prime factors of w?
83, 127
Suppose 0*g - 6 = 3*g - 3*i, -g = 2*i + 5. List the prime factors of 0 + 339 + (g - 0/(-3)).
2, 3, 7
Suppose 6 = 4*a + 4*w - 2, 2*a + 3*w = 4. Suppose -a*q + 4*s = -0*s - 1326, 2*s = -5*q + 3339. List the prime factors of q.
23, 29
Let t = -18832 + 40633. List the prime factors of t.
3, 13, 43
Suppose 3*b - 3*i - 1795 = 8663, 0 = 4*b + 5*i - 13944. List the prime factors of b.
2, 3, 7, 83
Suppose -5*x + 144 = 4*x. Suppose -3*v - 2*v + 4 = -4*f, -2*f + x = 2*v. Let m(q) = 17*q + 1. What are the prime factors of m(f)?
3, 23
Let d(a) = a**2 + 13*a - 159. Let j be d(8). Suppose j*u - 10137 - 1896 = 0. List the prime factors of u.
7, 191
Let g(y) be the second derivative of 2*y**3/3 + 101*y**2 + 49*y - 2. What are the prime factors of g(27)?
2, 5, 31
Let x(m) be the first derivative of 2*m**4/3 - m**2/2 - 15*m + 3. Let c(a) be the first derivative of x(a). List the prime factors of c(-1).
7
Suppose 0 = 40*i - 11*i - 197780. List the prime factors of i.
2, 5, 11, 31
Let u = 1526 - -2991. What are the prime factors of u?
4517
Let n(w) = w**3 - 19*w**2 + 5*w - 3. Suppose -85 = -115*m + 110*m. Let i be n(m). Let z = i + 707. What are the prime factors of z?
211
Let o(t) = 37*t**3 - t**2 + 4*t - 2. Let q be o(1). Let v = 26 - q. Let r = v - -93. List the prime factors of r.
3
Suppose 5*q - 12 = 8*q. Let b be (7484/(-5))/q + (-6)/30. What are the prime factors of (b/(-10))/(4/(-20))?
11, 17
Let y be (-112)/(-14) - (3 + (2 - 1)). Suppose -602 = -j + y*r, -3*j + 4*r = r - 1833. What are the prime factors of j?
2, 307
Let o be (-3)/(-21) - 252/49. Let n be (-1)/o*0 + 3. Suppose -4*s = -n*u - 348, 0 = 4*s + 3*u - 540 + 216. List the prime factors of s.
2, 3, 7
Let c = 136 - 236. What are the prime factors of (1525/c)/((-2)/40)?
5, 61
What are the prime factors of 14/9 + (-5385892)/(-171)?
2, 15749
Let j(p) = p**3 + 7*p**2 - p - 4. Let v be j(-7). Suppose -v*w = 5*u - 317, -u + 5*w = -0*u - 69. Let n = 128 - u. What are the prime factors of n?
2
Let o(y) = -y + 194. Let a be o(0). Let g be (-53)/(-2) - (-410)/164. Suppose g*i - a = 27*i. What are the prime factors of i?
97
Suppose 2*v = -5*u - 5, -5*u - 4 = -2*v + 1. Let x be -122 + (u - -1) - (-60)/(-20). Let l = -58 - x. List the prime factors of l.
67
Let u(k) = 125*k + 217. Suppose 2*n - 14 = -4*o, -4*o - 64 = -11*n + 7*n. List the prime factors of u(n).
2, 3, 307
Suppose -3676 = -x - 2*o, x - 12*o - 3641 = -7*o. What are the prime factors of x?
2, 3, 13, 47
Suppose -5*f - 4*p = -23565, -2*f = -3*p + 5842 - 15268. List the prime factors of f.
3, 1571
Suppose -2*l - 3*l + 5 = 0, 2*f = -5*l + 15. Suppose -6*n = -f*n - 1. List the prime factors of n/(1047/261 + -4).
3, 29
Let w be -48*5/(-10) + (5 - 1). Suppose 0 = -21*z - w*z + 3675. What are the prime factors of z?
3, 5
Let v be ((-5 - 1) + 3)/((-6)/4). Suppose -j = -v*o + 6*o - 690, 2718 = 4*j - 5*o. What are the prime factors of j?
2, 11, 31
Let c(k) = -k**2 + 18*k - 36. Let y = 30 + -15. Let q be c(y). Let b = q + 52. What are the prime factors of b?
61
Suppose 2*x + 36 = -5*y, -4*x + 9*x = -3*y - 33. Let l(g) = -2*g**3 + 2*g**2 - 7*g + 6. List the prime factors of l(y).
2, 3, 23
Suppose 0 = 20*r - 8*r - 13*r. Let i be r + (-16)/12*-3 - 34. List the prime factors of (i/(-25))/(4/620).
2, 3, 31
Suppose -60*u + 2860445 = -1506835. What are the prime factors of u?
2, 31, 587
Suppose -12*t + 157873 = 4*t + 3505. What are the prime factors of t?
2, 3, 67
Let u = 150878 + -105598. What are the prime factors of u?
2, 5, 283
Suppose 0 = 29*h + 70*h - 211959. What are the prime factors of h?
2141
Suppose 325*l + 8 = 326*l. Suppose l*u + 6*u = 6650. What are the prime factors of u?
5, 19
Suppose -l + 25 = -96. Let v = -116 + l. Suppose v*f = -4*p + 116, -5 = -p + 2*f + 37. List the prime factors of p.
2, 17
What are the prime factors of (3 + 2)*((-10 - -18) + 557)?
5, 113
Let r = 504 - 502. Suppose r*p + q + 61 = 442, q = 2*p - 383. What are the prime factors of p?
191
Let h(x) = 6*x**2 - 89*x - 40. Suppose 43 + 13 = 2*l - 4*t, -2*l - 5*t = -29. What are the prime factors of h(l)?
2, 3, 151
Suppose 10*l - 24 = 106. Let d = 168 + l. List the prime factors of d.
181
Suppose 0*b = 4*b - 144. Let g = -60 + b. Let d = 46 - g. List the prime factors of d.
2, 5, 7
Suppose -m = -0*m - 5*t + 41, t + 11 = -m. Let a(u) = 2*u**2 + 19*u + 1. What are the prime factors of a(m)?
11, 19
Suppose -3*m + 184376 = s, -5*m - s - 5207 = -312495. List the prime factors of m.
2, 23, 167
Let o = 12761 - -7852. What are the prime factors of o?
3, 6871
Let d = -107 - -110. Suppose d*s - j = 4*s - 3, 2 = -s + 4*j. Suppose -t = s*a - 32, -a - 5*t + 2 = -t. List the prime factors of a.
2, 3
Let b be 378*((-35)/10 - -6). Suppose -r = 4*w - b, 2*r - 282 = 2*w + 1638. List the prime factors of r.
3, 11, 29
Let d(p) = 39 - 2*p - 2*p**3 + 0*p**3 - 43. Let w be d(-3). List the prime factors of ((-9)/(-6))/(6/w).
2, 7
Let d = 1912 + 5602. List the prime factors of d.
2, 13, 17
Let o(x) = -4*x + 64. Let l be o(13). Suppose 214 + 1886 = l*a. What are the prime factors of a?
5, 7
Let x be (9/(-5))/(-9) - (-148)/10. Suppose -x = 179*t - 184*t. List the prime factors of t.
3
What are the prime factors of (1 + 1/(12/2732))*(-288)/(-8)?
2, 3, 7
Let i(f) be the first derivative of f**4/4 + 4*f**3/3 + 5*f - 18. Let w be i(-4). Suppose -5 = -w*c + 50. What are the prime factors of c?
11
Let r(x) = -3*x - 4. Let c be r(-2). Let a be c - (-10)/(-6) - (-16)/6. Suppose 0 = 4*g - 3*l - 511 + 103, 4*g = -a*l + 432. List the prime factors of g.
3, 5, 7
Let w(k) = -k**3 - k**2 + 6*k - 31. Let r be w(-12). Let v = r + -440. List the prime factors of v.
3, 347
Let h = 51561 - 25126. List the prime factors of h.
5, 17, 311
Let f(t) = 6*t**3 - t**2 - 7*t + 2. Let j be f(4). Suppose 2*w = -j + 54. Let l = w - -331. List the prime factors of l.
11, 17
Let d = 12205 + -2176. What are the prime factors of d?
3, 3343
Suppose 5*w + 2*t - 53816 = 12750, -2*t = 2*w - 26618. List the prime factors of w.
2, 3329
Let z = -2050 - -9222. What are the prime factors of z?
2, 11, 163
Let n be 5508/(-8)*-6*20/6. Suppose 14*o - 32*o = -n. What are the prime factors of o?
3, 5, 17
Let y = 5228 - 1842. What are the prime factors of y?
2, 1693
Suppose 1 = -k, 6626 - 35680 = -5*s + 4*k. List the prime factors of s.
2, 5, 7, 83
Let h = -8 + 8. Suppose -3*j + z + 10 = h, 0 = -0*j - j + 3*z + 14. Suppose 0*k + j*k - 32 = 0. List the prime factors of k.
2
Let b(p) = 113*p - 99. Let m(n) = 23*n - 19. Let f(q) = 2*b(q) - 11*m(q). Suppose 4*o = u - 19, -2*u - 3 = u. What are the prime factors of f(o)?
2, 73
Let g(o) = 981*o - 5407. What are the prime factors of g(38)?
7, 29, 157
Let v = 15389 + -7301. List the prime factors of v.
2, 3, 337
Let p(b) = -b**3 + b**2 + 2*b + 756. Let z be p(0). Let h = -407 + z. What are the prime factors of h?
349
Let u(v) = -2*v**2 + 42*v + 729. What are the prime factors of u(0)?
3
Suppose -74*a + 88647 = -14176 - 153735. What are the prime factors of a?
3467
Suppose -r = 274 + 212. Let p be (6/10)/1 - r/15. Let k = 98 - p. What are the prime factors of k?
5, 13
Let x(y) = 476*y**2 + 5*y - 4. Let t be 5 + ((-8)/12)/((-3)/(-18)). List the prime factors of x(t).
3, 53
List the prime factors of (-276)/(-322) - (-898188)/28.
3, 17, 37
Let a(n) = 8*n - 8. Let r(s) = -15*s + 17. Let f(p) = 5*a(p) + 2*r(p). Let h be f(3). List the prime factors of 9/h - 265/(-40).
7
List the prime factors of 204360/168 - 2/((-56)/(-12)).
2, 19
Let l be 6/(-60) - (-991)/10. Suppose 7*w = 6*w + l. Suppose w = -0*z + 3*z. What are the prime factors of z?
3, 11
Let h(f) = -12 + 20 + 31 + 3*f. Let c be h(-12). Suppose c*b + 36 = 5*y - 39, 0 = 3*y + 5*b - 79. List the prime factors of y.
2, 3
Let k(j) = 0 + 3 - 3*j + 48*j**2 - 5 - 2. List the prime factors of k(3).
419
Suppose -10 = -5*b + 5*f, 2*b + 2*f - 9 = -f. Let s be (-2 - (-88)/b)*3. Suppose -3*t = 2*t, -s = -z - 5*t. What are the prime factors of z?
2, 41
List the prime